f = -3*r + 16 + 186, 0 = -4*r + y*f + 267. List the prime factors of r.
2, 3, 11
Let g(n) = n**2 - 10*n + 78. Let f be g(38). Suppose 3*d + 4*s = 2801, 0 = 3*d - 2*s + f - 3913. What are the prime factors of d?
3, 103
Let j be 28/(-42) - 1/3*178. Let u = j - -65. List the prime factors of u.
5
List the prime factors of (-7)/(-21) - ((-3818)/3 - -3).
2, 5, 127
Suppose -28*k = -30*k + a - 34, -2*a = k + 7. What are the prime factors of -24*k/(-20)*(-19)/3?
2, 3, 19
Let q(w) = 45*w - 17. Let m be q(9). Let f = -194 + m. Suppose o - f = -3*d - 0*o, -d - 3*o = -78. List the prime factors of d.
3, 7
Let t = -658 + 665. Let j(r) = 5*r**3 - 10*r**2 - 3*r + 35. What are the prime factors of j(t)?
3, 7, 59
Suppose b = -4 + 6. Let r(g) = 17*g + g**b - g + 29 - 6*g. What are the prime factors of r(-6)?
5
Let v be 5 - ((-6)/(-9))/((-5)/(-15)). Suppose 2*z + 3*j - 207 = 0, 2*z - v*j - 117 = 72. List the prime factors of z.
3, 11
Let x(k) = -3*k - 11 - 878*k**2 + 24*k + 890*k**2. What are the prime factors of x(-7)?
2, 5, 43
Let a = 59 - 70. Let r(q) = 3*q**2 + 30*q - 8. Let w(d) = -6*d**2 - 59*d + 15. Let k(j) = a*r(j) - 6*w(j). What are the prime factors of k(-10)?
2, 29
List the prime factors of (-12)/20*1 - ((-6039)/15 + -5).
11, 37
Let r be (-6)/(-2) + 0 - 397. Let m = 440 + r. What are the prime factors of m?
2, 23
Let o = -5816 + 7522. List the prime factors of o.
2, 853
Let a(u) be the second derivative of -15*u**5/4 + u**4/12 + u**3/3 - 4*u**2 - 9*u + 2. List the prime factors of a(-2).
2, 37
Suppose -3*w - 480 = 5*s, 0 = 4*s - 9*w + 4*w + 384. List the prime factors of (72/s)/(1/(-64)).
2, 3
Suppose -42978 - 7621 = -9*d + 31373. List the prime factors of d.
2, 3, 11, 23
Let n(j) = 7*j - 42. Let a be n(6). Suppose a = -2*i + 75 + 631. What are the prime factors of i?
353
List the prime factors of (6/(-3) + 3518)/((-160)/(-25) + -6).
2, 3, 5, 293
What are the prime factors of 4*((-3)/10)/((-234)/32955)?
13
Suppose -5*i + 3*t + 7*t + 39040 = 0, 5*i - 39004 = 4*t. What are the prime factors of i?
2, 1949
Let w(f) = 3*f**3 - 12*f**2 + 39*f - 4. Let c be 3/(7*30/280). What are the prime factors of w(c)?
2, 19
Let k(v) = -238*v - 644. List the prime factors of k(-104).
2, 3, 7, 41
Suppose 4*b + 4*b + 8 = 0. Let x(t) = -158*t + 4. Let q be x(b). Let k = q + -104. What are the prime factors of k?
2, 29
Suppose -4*r - 2*h + 35 = r, -4*h = 2*r - 14. Suppose -7 = 2*a + r. What are the prime factors of (-12)/(-42) - 873/a?
5
Let l(d) = d - 19. Let q be l(24). Suppose 2*m - 5320 = -q*a, 5*a = m - 631 + 5951. List the prime factors of a.
2, 7, 19
Suppose 2*f = 7*f - 4*w - 5, 0 = -5*f + 5*w. Suppose 2*l = -f*d + 6, -4*l = 4*d - 0*l - 12. List the prime factors of 64362/459 + (d - 4/18).
2, 5, 7
Suppose 0 = 9*x - 112 - 59. Suppose x*q - 478 = 5013. List the prime factors of q.
17
Let u be 3*(3 + -4)*(3 - 2). Let v be (-30)/((-4)/(-6)*u). List the prime factors of (-1 - v)*(-1 + 1/2).
2
Let i be ((-260)/91)/(0 + (-2)/7). Let z(s) = 51*s + 63. What are the prime factors of z(i)?
3, 191
Suppose -3*g + 7*g - 18710 = 7570. What are the prime factors of g?
2, 3, 5, 73
Let q = -85 - -72. Let a(u) = u**3 + 11*u**2 - 25*u + 18. Let j be a(q). Suppose j*d - 707 = -2*d. What are the prime factors of d?
101
Let k(j) = 3899*j**2 - 35*j - 139. List the prime factors of k(-3).
11, 3187
Let x = 310 - -128. Suppose -5*m + x - 103 = 0. List the prime factors of m.
67
Let l = 14401 + -5012. List the prime factors of l.
41, 229
Suppose -4*a + 37420 = 5*w - 53717, -5*w - 5*a + 91145 = 0. List the prime factors of w.
7, 19, 137
Let m(k) = k**3 + 2*k**2 + 7*k - 7. Let i be m(4). What are the prime factors of (-18)/i - (-5470)/65?
2, 3, 7
Suppose -2*f + 1 = 3*b - 21, -3*f = -b. Suppose 0 = a - 3*j - 250, -b*a + a = -j - 1278. What are the prime factors of a?
2
Let f(q) = -4*q**2 + 885*q - 111. What are the prime factors of f(165)?
2, 3, 31, 199
Let j be (-4)/(-1) + (-8)/(-1). Suppose -2*q = -j*q - 790. Let h = -42 - q. List the prime factors of h.
37
Let h = 41 + -45. Let t be (-1 + 6)/(-2*h/8). Suppose -t*w = -4*w - 3*l - 102, 0 = 4*w + l - 369. List the prime factors of w.
3, 31
Let f be -4 + (0 - (-148 + -2)). Suppose -2340 = -151*m + f*m. What are the prime factors of m?
2, 3, 13
Suppose -3*x + 319 = 4*d, -2*x - 3*x - 127 = -2*d. Suppose -19*t + 0*t + d = 0. List the prime factors of t.
2
Suppose -u + 4*m + 22769 = 0, 3*u - 4*m + m - 68343 = 0. What are the prime factors of 1/(16/(-40) + 9129/u)?
7, 31
Suppose -5*o = 3*z - 30278, 3*z + 2*o - o - 30250 = 0. What are the prime factors of z?
17, 593
Let b = -24525 + 44847. List the prime factors of b.
2, 3, 1129
Let d be (-4)/3*1935/86. List the prime factors of 2974/10 - d/50.
2, 149
Suppose 4*b - y + 360 = -5*y, -2*b - 4*y = 182. Let s = -74 - b. Suppose -s = -7*a + 90. What are the prime factors of a?
3, 5
Suppose 4*r - 201 = 127. Suppose 3*m - 5*g = 111, -g - g = -2*m + 70. Let l = r - m. List the prime factors of l.
2, 5
List the prime factors of ((0 - -3) + -3073)/(29/(-116)).
2, 5, 307
Let d = 11135 - 11074. What are the prime factors of d?
61
Suppose 42*n - 4600094 = -43*n - 1726414. What are the prime factors of n?
2, 2113
Suppose 25183 = 3*u + 2*x, 26*u - 4*x = 22*u + 33544. List the prime factors of u.
3, 2797
Let y(v) = -v - 7*v + 79 - 25 - v. Let g be y(-24). Let d = g - 75. List the prime factors of d.
3, 5, 13
Let n(j) = 2*j**2 + 2*j - 47. Let f(k) be the first derivative of k**3 + 3*k**2/2 - 70*k - 28. Let m(c) = 5*f(c) - 7*n(c). List the prime factors of m(10).
89
Let b = 46228 - 17720. List the prime factors of b.
2, 7127
Let w(k) = 21*k**2 + 306*k + 80. What are the prime factors of w(19)?
5, 7, 11
Let b(l) = l**3 + 20*l**2 - 24*l - 58. Let o be b(-21). Suppose 10 = -o*r, -r + 417 + 345 = 4*a. List the prime factors of a.
191
Let p = 135 + -133. Suppose p = 2*q + 16. Let v = 105 + q. List the prime factors of v.
2, 7
Let a = -11834 + 27826. What are the prime factors of a?
2, 1999
Let a = 426 - 421. List the prime factors of (6 - (-318)/(-12))*a*-2.
5, 41
Suppose -127*j + 132*j = 60. Suppose -3*y - 51 - j = 0. What are the prime factors of (-7)/y + ((-274)/6)/(-1)?
2, 23
Suppose 27*x = 30*x - 4*r - 36984, 5*r + 61635 = 5*x. What are the prime factors of x?
2, 3, 13, 79
Suppose 3*h = 4*x + 10887, h - 4*x - 5422 = -1777. What are the prime factors of h?
3, 17, 71
Let b(s) = s**3 - 36*s**2 - 91*s + 466. What are the prime factors of b(41)?
2, 5, 257
Let h(q) = 578*q**2 - 6*q - 16. What are the prime factors of h(-2)?
2, 577
Let g = 6660 + 24897. What are the prime factors of g?
3, 67, 157
Suppose -222*s - 402270 = -277*s. What are the prime factors of s?
2, 3, 23, 53
Let b = 47 + -24. Let o = 23 - b. List the prime factors of (o - 216/(-14))*378/36.
2, 3
Let m = -2476 + 10529. List the prime factors of m.
8053
Let w be 631*(-1 - -2) + -1. Suppose -w = -0*n + 3*n. Let o = n - -338. List the prime factors of o.
2
Let q(l) = 56*l**3 + 31*l**2 - 30*l + 33. List the prime factors of q(6).
3, 5, 13, 67
Let i(b) = 32*b - 6. Let q be i(-6). Suppose 113*y + 293 = 114*y. Let p = q + y. What are the prime factors of p?
5, 19
Let t(l) = 5*l + 38. Let d be (-3)/9 - (3 - (-42)/9). Let w be t(d). List the prime factors of 103 - 1/w*2.
2, 13
Let m = 340 + -312. What are the prime factors of 432 + 3 + m/(-4)?
2, 107
Let a be -5 - (-22)/4 - (-1)/2. Let h(v) = -20*v**3 - v**2 - 2*v + 2. Let z be h(a). Let b(k) = k**3 + 20*k**2 - 24*k + 30. List the prime factors of b(z).
3, 31
Let q be ((-429)/(-1))/(72/48). Suppose 6*n - q = 1478. Let x = -182 + n. List the prime factors of x.
2, 7
Let k(z) = 1061*z**2 + 15*z - 2. Let h be 3/7 + 124/217. List the prime factors of k(h).
2, 3, 179
Suppose -4*y - 1393 + 5329 = 0. Suppose -3*x = 3*b - y, -2*x + 1317 - 329 = 3*b. What are the prime factors of b?
2, 83
Let l = -9612 + 10662. List the prime factors of l.
2, 3, 5, 7
Let q(g) = -34*g**3 - 8*g**2 + 204*g + 2240. List the prime factors of q(-12).
2, 17, 211
Let l(y) = -3*y + 7 + 9*y + 11*y - y + 4*y**2. Let f be l(-5). Suppose -f + 133 = 2*o. List the prime factors of o.
53
Suppose -32*f + 130 = -30. Suppose -5*x = -f*n - 8280, -24*x - n = -28*x + 6618. List the prime factors of x.
2, 827
Suppose -2*k = -2*c - 110206, -28*k + 26*k + 110234 = 2*c